(p) = p**3 - 4*p**2 + 4*p - 2. Give c(o).
14
Suppose -3*g - 4*j + 16 = 0, -5*g + 3*j - 9 = 3. Suppose 5*w + 0*w = g. Suppose -p - 5*u + 4 = -3, -5*p + u + 9 = w. Let r(c) = -c + 2. Give r(p).
0
Let p(x) = 3*x - 29. Suppose 3*j + 15*a - 16*a = 51, -3*j + 3*a + 51 = 0. Determine p(j).
22
Let n(d) = 3*d**2 + 3*d + 3. Let o(p) = 13*p**2 + 13*p + 13. Let t be (19 + 2 - 6)*(-3)/(-5). Let q(w) = t*n(w) - 2*o(w). Calculate q(0).
1
Let z(p) = 6*p**2 - 18 - 16*p - 8*p**2 + 7*p**2. Let i(j) = -j**2 + j + 1. Let n(o) = 6*i(o) + z(o). Determine n(-8).
4
Let v(t) = 2*t**2 + 28*t - 47. Let n(r) = -r**2 - 14*r + 23. Let z(y) = -5*n(y) - 3*v(y). Let u be z(-16). Let m(k) = -k**2 - 9*k - 5. What is m(u)?
13
Let y(d) be the second derivative of d**5/60 - d**3/6 + 16*d. Let j(i) be the second derivative of y(i). Suppose -n = -p - 2, 3*n - 2 - 2 = 5*p. What is j(n)?
6
Let y(p) be the first derivative of p**4 - p**2/2 - 14*p - 2. Let b(s) be the first derivative of y(s). Determine b(-1).
11
Let m(h) = 2*h - 9. Let k(i) = 13*i**2 - 89*i - 7. Let b be k(7). Give m(b).
5
Let j(d) = 2*d**2 + 2*d + 2. Let l(t) = -4*t**2 - 3*t + 9. Let y be l(3). Let b = y - -34. Calculate j(b).
6
Let z(a) be the second derivative of -1/20*a**5 + 7/12*a**4 + 0 + 9/2*a**2 + 2*a - 1/3*a**3. Let d be 378/(-162)*(1 - 4). Determine z(d).
-5
Suppose -h = -2*l - 3*l + 4, -10 = -h - 2*l. Let i(g) = 1 - 10*g + 0 - h*g + 8*g. What is i(-1)?
9
Let b(l) = 4*l + 5. Let t(x) = 17*x + 18. Let g(c) = 9*b(c) - 2*t(c). Give g(-9).
-9
Let s(o) be the third derivative of o**5/60 + 5*o**4/24 + o**3/2 - 27*o**2. Let y(d) = d - 1. Let l be y(-1). What is s(l)?
-3
Suppose 0 = -r + k + 4*k - 25, -3*k + 22 = -2*r. Let a(t) be the second derivative of 1/6*t**3 - 4*t + 0 - 1/2*t**2. Give a(r).
-6
Suppose -6 = -2*d - 22. Suppose -6*g - 4 = -4*g, -f - 7 = -3*g. Let j = d - f. Let h(z) = z**3 - 6*z**2 + 5*z + 1. Give h(j).
1
Suppose -2*y = -t - 8, 5*y + 2*t + 62 - 91 = 0. Let o(r) = -r**3 + 5*r**2 - 3*r - 6. Determine o(y).
-21
Let j(r) = -r**3 - 10*r**2 - 1 - 2*r + 10 + 6*r**2. Let k(n) = 1. Let x(s) = j(s) - 4*k(s). Calculate x(-4).
13
Let f be (1/(-8))/(68/(-3808)). Let m(z) = 8*z - 48. What is m(f)?
8
Let d(m) = -5*m + 9. Suppose 0 = -32*i - 339 + 211. Give d(i).
29
Suppose -4*m = 3*r - 9, -2*m - 11 = -6*m - r. Let o(b) = -3 - 57*b**3 + b - 4*b**2 + 3 + 58*b**m + 3. Let d(t) = -t. Let q be d(-3). What is o(q)?
-3
Let t(f) = f**3 - f - 1. Let u = 76 + -78. Calculate t(u).
-7
Let v(d) = -2*d + 5. Suppose z = 2*z - 4*q - 6, 0 = 5*z - 5*q. Let k(m) = m - 4. Let s(i) = z*v(i) - 3*k(i). Give s(-6).
-4
Let q = 3 + 3. Suppose a - 1 = -2*o + o, 4*a = o - 16. Let b be q/(-9)*a + -2. Let v(z) = -z**2 + z + 3. Calculate v(b).
3
Suppose -2 + 20 = -2*d. Let x be (d/3 - -6)/(9/12). Let m(g) = -g**2 - g. Let j(q) = q**3 - q**2 - 5*q + 2. Let n(z) = j(z) + m(z). What is n(x)?
10
Let f be ((-5)/(-15))/(5/(-1335)). Let i = f - -91. Let c(r) = r**3 - 2*r**2 + 3*r - 1. Determine c(i).
5
Suppose 91*z - 38 = 72*z. Let q(m) = -8*m**2 + 1. Give q(z).
-31
Let l(g) = -g**2 - 61*g + 263. Let r be l(-65). Let y(m) = -m**3 + 2*m**2 - m. Calculate y(r).
-12
Let x(y) = -5*y**2 + 2*y + 6. Let u(r) = -9*r**2 + 3*r + 11. Let f(m) = 6*u(m) - 11*x(m). Let k(h) = -h**2 + 2*h + 12. Let a be k(4). Determine f(a).
0
Let i(h) = -h**3 - 8*h**2 - 7*h - 1. Suppose 64*b = -r + 66*b - 11, -5*r + 5*b - 45 = 0. Determine i(r).
-1
Let n = 50 + -47. Let f(l) = 3*l**2 - 2*l + 1. Give f(n).
22
Let j(v) be the second derivative of v**3/6 + 5*v**2 + 2*v + 132. Calculate j(7).
17
Suppose -73*z + 68*z = -30. Let n(r) = -9 + 9*r + 13*r**2 - 4*r**2 - 10*r**2. Give n(z).
9
Let q(z) be the first derivative of -22*z**3/3 + z - 70. Give q(-1).
-21
Suppose 5*q - 14 = -2*i + 11, 30 = 4*i + 6*q. Let p(f) = 3*f**2 - 3*f + 19. Let s(m) = -m**2 + m - 6. Let b(t) = -3*p(t) - 8*s(t). Give b(i).
-9
Let j(h) = h - 1. Let i = 20 + -14. Suppose -2*c + i*n = n + 10, 4*n = -5*c + 8. Let o be c/(-2)*(-3)/6. Calculate j(o).
-1
Let q = -51 + 56. Suppose 3*w + 4*y = 19, -w - 2*y - 11 = -q*y. Let m(t) = -10*t**3. Calculate m(w).
-10
Let o(l) be the first derivative of -4*l**3 - l**2/2 + 6. Let i be ((-9)/6)/(-1)*(-6)/9. Determine o(i).
-11
Let h(g) = -3*g**3 - g - g - 5*g**2 + 2*g**3. Let x = -28 + 25. Determine h(x).
-12
Let d(c) = c**3 - 2*c**2 - 3*c - 3. Let f(v) be the second derivative of 5*v**3/6 + 13*v**2/2 - 4*v + 3. Let n be f(-2). Calculate d(n).
-3
Suppose -403*r + 409*r - 30 = 0. Let y(q) = -q + 2. What is y(r)?
-3
Let d = -28 + 56. Suppose 0 = 4*k + 4*v + d, -v - 4*v = -3*k + 11. Let t(j) = -j**2 - 6*j - 3. What is t(k)?
6
Let s(i) = 1. Let u(q) be the third derivative of 3*q**4/8 - q**3/6 - 8*q**2. Let n(k) = -2*s(k) - u(k). Calculate n(-1).
8
Suppose -2 - 4 = 2*p + 3*y, -y + 5 = 3*p. Suppose -p*g - 24 = -7*g. Let x(l) = -3*l + 2*l + g*l**2 + 2*l - 7*l**2. Calculate x(1).
0
Let b(s) = s**3 - 26*s**2 + 24*s + 34. Let t be b(25). Let o(y) = -2*y**2 + 11*y - 9. What is o(t)?
-72
Let l(u) = 5*u + 145. Let a(h) = 10*h + 276. Let v(g) = -6*a(g) + 11*l(g). What is v(-12)?
-1
Suppose -z = -t - 2*z + 71, -t + 47 = -5*z. Let y(d) = t - 2*d - 63 + 2*d - d. Determine y(0).
4
Suppose -1 = z - 4, t + 3*z = 18. Let q(j) = 0*j + j**3 + t - 2 - 8 - 6*j**2 - j. Give q(6).
-7
Let k(n) be the second derivative of -n**3 + 3*n**2 + 96*n. What is k(5)?
-24
Suppose 6*n + 41 + 1 = 0. Let d(w) = -w**2 - 7*w + 7. Give d(n).
7
Let l(u) = -14*u - 1. Let s = -165 - -166. Give l(s).
-15
Suppose h = 17 - 11. Let l(a) = 2 + h*a + 3*a + 7*a - 19*a. What is l(2)?
-4
Let d(w) be the third derivative of -w**2 + 0*w + 1/6*w**4 + 0 - 1/60*w**5 + 1/3*w**3. Calculate d(4).
2
Let l = -12 + 18. Let s = l - 9. Let u(g) = 2*g**2 + 4*g - 1. Let k(n) = n**2 + n. Let m(v) = -k(v) + u(v). Calculate m(s).
-1
Suppose y + 15 = -3*p + 6*y, -15 = 3*p - 2*y. Let t(b) = -b - 1. Calculate t(p).
4
Let d(c) = -c + 7. Let o = 377 + -374. Determine d(o).
4
Let n(d) be the second derivative of 0 - 1/2*d**2 - 1/6*d**3 + 3*d. Calculate n(1).
-2
Suppose -103 = 20*u - 123*u. Let q(p) = -4*p**3. Determine q(u).
-4
Let v(q) = -5*q**2 + 3*q + 2. Let m(a) = -9*a**2 + 7*a + 5. Let y(w) = 2*m(w) - 5*v(w). Suppose 63 = 46*j + 17. Calculate y(j).
6
Let z(v) = 2*v**2 - 2*v + 3. Let p be z(2). Let u(d) = 0*d - 37*d**2 + 3*d - p + 2*d + 38*d**2. What is u(-6)?
-1
Let r(c) be the second derivative of c**4/12 + c**3/2 + 3*c**2/2 + 48*c. Calculate r(-2).
1
Let a = 189 - 182. Let z(m) = -m**2 + 9*m - 7. Give z(a).
7
Let x(h) = 7 - 3*h**2 + 5*h - 4*h**2 - 5 + 4*h**2. Calculate x(4).
-26
Let y be (-2)/((-2)/(-1))*-2. Suppose 5*q = -5*x + 25, 3*q - 4 = -5*x + 15. Let a(o) = o + o - q*o**2 + 0*o**2 - 31*o**3 - 3 + 32*o**3. What is a(y)?
-3
Let y(w) = w - 17. Suppose 0 = -6*c - 1 + 55. Determine y(c).
-8
Let x(u) = -u + 8. Let j be x(7). Let w be (-2)/j*(-30)/5. Suppose -5 = o - w. Let r(s) = -s**2 + 7*s + 6. Give r(o).
6
Let f(b) be the third derivative of -b**4/8 - 5*b**3/3 + 57*b**2. Give f(-4).
2
Let f(a) = 7*a**3 + 3*a**2 + 8*a - 8. Let o(l) = 13*l**3 + 5*l**2 + 15*l - 15. Let b(t) = -11*f(t) + 6*o(t). Determine b(3).
4
Suppose 2*x = 2*x - 2*x. Let s(o) be the second derivative of o - 1/20*o**5 + 0 - 1/12*o**4 - 1/6*o**3 - 7/2*o**2. What is s(x)?
-7
Let y(b) be the second derivative of 1/20*b**5 + 0 - b + 1/3*b**4 + 1/2*b**2 + 1/6*b**3. Let v(r) = 2*r + 4. Let j be v(-4). What is y(j)?
-3
Let j(a) = -15 + 2*a + 6*a - 4*a - 6*a + a. What is j(-7)?
-8
Let z be (-3 - -4)/1*-1. Let v(h) = 15*h + 8*h**2 - 14*h - 5*h**3 - 7*h**2. What is v(z)?
5
Let d(z) = -z**2 - 6*z - 4. Suppose 0 = -14*v - 3*v - 68. Give d(v).
4
Let y(f) be the second derivative of -16*f - 1/6*f**3 + 0 - 1/3*f**4 - 1/20*f**5 - 2*f**2. Calculate y(-4).
0
Let k(m) = m**3 + 5*m**2 + 4*m + 1. Let b be (-9)/((-45)/20) + 1. Let g be (23 + -1)*2/4. Suppose 0 = -2*r - w - 6 - b, r - g = 5*w. Determine k(r).
1
Let h = -197 + 191. Let v(b) = b**3 + 6*b**2 - 2*b - 6. What is v(h)?
6
Let r(p) be the third derivative of p**6/5 + p**4/24 - p**3/6 + 3*p**2 + 14. Give r(1).
24
Suppose 27 = 6*j - 3*j. Let y be (-14)/(-4) - (j/(-6))/3. Let g(l) = -l**2 + 4*l - 1. Give g(y).
-1
Let b(y) be the second derivative of -y**5/20 + 11*y**4/12 + 9*y**2/2 - 3*y + 27. What is b(11)?
9
Let n(w) = -2*w**3 - 4*w**2 + 1. Le